4 + (-2)/(-2). Let r be l/(1*9/(-195)). Calculate the highest common factor of r and 13.
13
Let r = 570 - 2006. Let k be (-3)/(-9) - r/12. Calculate the highest common factor of 48 and k.
24
Let q be 70*(1 + 0 + 0). Let u(c) = -c + 18. Let d be u(14). Suppose 5*p + 2*m - 142 = 0, -5*p - d*m = m - 145. What is the highest common factor of p and q?
14
Suppose 38 + 58 = -u. Let n = 24 - u. Let d be (-142)/(-3) + 4/6. Calculate the greatest common factor of n and d.
24
Let m(r) = -4*r**3 + 10*r**3 - 3*r**2 + 2*r - 4*r**3 - 4*r**3 - 1. Let v be m(-3). Calculate the greatest common factor of v and 10.
10
Let g(u) = u**2 + 4*u + 12. Let q be g(-3). Suppose q*b = b + 680. What is the greatest common factor of b and 34?
17
Let i = -19 + 31. Let a = 44 - 18. Let v = 32 - a. What is the highest common divisor of i and v?
6
Let f(s) = -2*s - 15. Let x be f(9). Let n be x/(-6) + (1 - (-6)/(-4)). What is the greatest common divisor of n and 2?
1
Let j be ((-212)/(-10) + -2)*40/12. Suppose 4*b - j = 4*i - 20, 40 = 3*b + 4*i. Calculate the greatest common factor of 30 and b.
6
Let d(p) = p**2 + 9*p + 8. Let q be d(-6). Let c be q*(-4)/16*10. Let r = c - 12. Calculate the highest common divisor of r and 26.
13
Suppose d - 31 = -k, d + 3*d = 2*k - 32. What is the highest common divisor of k and 1846?
26
Let k = -248 + 455. What is the highest common divisor of 23 and k?
23
Let v(r) = -3*r - 7. Let f be v(-6). Let x be ((-2)/4 - -3) + (-24)/16. Calculate the highest common divisor of x and f.
1
Let m(i) = 4*i**2 - 14*i + 28. Let c be m(-16). What is the highest common divisor of c and 88?
44
Let b be ((2 + 91)/(-3))/(4/64). Let q = -168 - b. Calculate the greatest common factor of 41 and q.
41
Let d be (-19)/(0 + (-2 - -1)/1). Calculate the highest common divisor of 323 and d.
19
Let c(a) = 6*a - 5. Let k(h) = h**3 - 3*h**2 + 2*h - 2. Let o be k(3). Let q be c(o). What is the highest common divisor of q and 38?
19
Let c be 405/(-54)*(-3)/(30/112). Calculate the greatest common factor of c and 147.
21
Suppose -2*m + 472 = 3*z, 6*z + 452 = 2*m + 4*z. Calculate the greatest common factor of 40 and m.
10
Let d(g) = -21*g - 288. Let s be d(-18). Calculate the greatest common divisor of s and 225.
45
Let f(n) = 6*n - 162. Let t be f(35). Calculate the highest common factor of 16 and t.
16
Let r be 40/2 - 0/1. Let k(q) = -30*q + 16. Let g be k(-6). Suppose 60 = -g*j + 199*j. What is the greatest common divisor of j and r?
20
Let a(v) = -118*v - 452. Let d be a(-7). Calculate the greatest common factor of 102 and d.
34
Let d be (-1 - -4)*(-352)/(-6). Let c be 2/6 - d/(-12). Suppose -45*y + 38*y = -945. What is the greatest common factor of y and c?
15
Let q(b) = b**2 - 30*b + 194. Let t be q(5). What is the greatest common factor of 368 and t?
23
Let d = 272 - 260. Calculate the greatest common divisor of 384 and d.
12
Let f = -990 - -998. What is the highest common factor of 50 and f?
2
Let k = 243 - 198. Calculate the greatest common divisor of 15 and k.
15
Let d(s) = 2*s + 125. Let w(v) = 2*v + 125. Let x(i) = -6*d(i) + 7*w(i). Let p be x(0). What is the highest common divisor of 25 and p?
25
Let g be 2/2*4/1. Suppose 0 + 2 = g*j + 2*q, 4 = -4*q. What is the highest common factor of 9 and j?
1
Suppose 0 = 11*r - 1059 + 69. Suppose -i - 2 = 4*v, 0 = -i + 5*v + 39 + 4. Calculate the greatest common factor of i and r.
18
Suppose 15 = -7*q + 1. Let x be (q + 4)*(1 - 0). Suppose -b = -5*o + 6, 3*b + 0*o - x*o - 8 = 0. Calculate the greatest common divisor of 2 and b.
2
Let o be (-2 - -4)*(4 - 2). Suppose -o*b = -2*b - 6. Let h be b*(1 + -4 - -4). Calculate the highest common factor of 1 and h.
1
Suppose -2*a + 4*i + 3205 = -123, 4996 = 3*a - 5*i. Calculate the highest common divisor of a and 176.
88
Suppose -4*q = z - 7*q - 57, -5*q = 3*z - 171. Let w(v) = -5*v - 2. Let b = -17 - -9. Let c be w(b). Calculate the greatest common divisor of c and z.
19
Let g(z) = z**2 + 9*z - 20. Let n be (3/9)/((-4)/156). Let l be g(n). Calculate the highest common divisor of 80 and l.
16
Let y be (-240)/(-105) - 4/14. Suppose 0 = -2*d - d + y*k + 31, -38 = -4*d + 2*k. Suppose -2*r - 7 = -3*r. What is the highest common divisor of r and d?
7
Let d be ((-42)/12)/(2/(-88)). What is the highest common divisor of d and 66?
22
Let q be ((-140)/(-21))/(4/6). Suppose 0 = c - 0*c - q. What is the highest common factor of 30 and c?
10
Suppose -25*y = -24*y - 12. What is the greatest common divisor of 54 and y?
6
Let l(q) = q**3 - 9*q**2 + 8*q + 2. Let t be l(8). Suppose -3*k + 18 = -t*k. What is the highest common factor of 6 and k?
6
Let s(m) = -2*m**2 - 41*m - 2. Let f be s(-4). Calculate the highest common factor of 286 and f.
26
Suppose 0 = 17*r - 12*r - u - 1115, 0 = -4*r + 4*u + 876. What is the greatest common divisor of 32 and r?
32
Let i = -11 + 12. Let f = i - 3. Let w be (f + -10)*(-3)/9. What is the highest common divisor of 4 and w?
4
Let u be (-341)/55 + (-1)/(-5). Suppose 28 = 4*w - 8. Let z be 6/w - 32/u. Calculate the greatest common divisor of z and 54.
6
Let d(l) = l**3 - 77*l**2 - 11*l + 873. Let a be d(77). Let p = 3 + -6. Let c be 6/(-4)*208/p. What is the greatest common divisor of c and a?
26
Let p = 250 + -235. What is the highest common factor of 120 and p?
15
Suppose -h = 3*o - 176, -3*h + 2*o + 473 = -0*o. What is the highest common divisor of 7 and h?
7
Let f = 22 + -16. Let o be 9/f*2 + 4. Suppose -440 = -o*g + 2*g. What is the greatest common factor of 8 and g?
8
Suppose 4*a - a = -3*r + 33, 3*a + 5*r = 23. Suppose -2*b = 0, b - 39 - a = -5*x. What is the highest common factor of x and 1?
1
Suppose -2*x = 5*x + 126. Let z(f) = f + 30. Let a be z(x). Suppose d - 97 - 11 = 0. What is the greatest common divisor of d and a?
12
Let x be -1*(-2)/(8/(-52)). Suppose 3*t = -v + 11, 5*v - 11 = -0*v - 4*t. Let b = v - x. Calculate the greatest common divisor of 3 and b.
3
Let y be (-4924)/(-22) - (-110)/605. Calculate the highest common factor of y and 84.
28
Let h = -212 - -649. What is the highest common divisor of h and 19?
19
Suppose 2*x + 4*u - 24 = 2*u, 8 = x + 5*u. Suppose 4*s - 444 = 128. What is the highest common factor of s and x?
13
Suppose 0 = 2*l - 52 - 32. What is the highest common factor of 12 and l?
6
Suppose -g + 6*g = 0. Suppose -3*u + 492 = -g*u - s, 12 = -4*s. Let h = u - 35. What is the greatest common factor of 16 and h?
16
Suppose 0 = w - a - 208, 6*w - 3*w - 624 = 5*a. What is the greatest common factor of 13 and w?
13
Let k be (12/(-10))/((-14)/35). Suppose -k*s - 8 + 20 = 0. Suppose -5*j = s*u + 27 - 74, -2*u + j = -41. What is the greatest common divisor of u and 18?
18
Let y be (58 - -2)/(1/(-2)). Suppose -190 = -c + 29. Let u = c + y. What is the highest common factor of u and 9?
9
Let j = -13 + 15. Suppose -3*k + 4*y + 36 = k, -y = j*k - 30. Suppose 2*u - 28 = 50. Calculate the highest common factor of u and k.
13
Suppose -c - f + 148 = 4*f, -668 = -4*c - f. Suppose -4*k = -4*o - 224, -3*k + o + c = -o. Calculate the greatest common factor of k and 7.
7
Let v be ((-330)/18*2)/(1/(-12)). Suppose -2*w + 13*w - v = 0. What is the highest common divisor of w and 16?
8
Suppose -2*r = r + 15, 2*y - 60 = -2*r. Suppose 4*o - 3*s = 28, 0 = -2*o - 3*o + 4*s + y. What is the highest common factor of 7 and o?
7
Suppose -3*t = 4*g - 281, 7*g = 4*g + 5*t + 247. What is the greatest common factor of g and 777?
37
Suppose 5*m - 325 = 5*p, 0*m + 3*m - p - 185 = 0. Suppose 0 = 14*b - 18*b - 140. Let j = b - -59. Calculate the greatest common factor of j and m.
12
Let u be (-104)/40 + (-6)/(-10) + 2. Suppose u*l - 47 = -5*l + 2*j, -4*l + 4*j + 28 = 0. Calculate the highest common divisor of l and 121.
11
Suppose 4*y - 24 = -4*d, d + 6 = 3*y - 2*d. Let u(j) = 5*j. Let x be u(y). Let m = -1370 - -1380. Calculate the highest common divisor of m and x.
10
Let m = 683 + -565. Calculate the greatest common factor of 4 and m.
2
Suppose f = -d - 2, 3*f + 4 = 4*d + f. Suppose 4*b - 4*y = 64, -5*b + 4*b - 2*y + 13 = d. Let m = -261 + 264. Calculate the highest common divisor of b and m.
3
Suppose -4*x - 9 = 11, 2*x = p - 12. Suppose p*s - 63 = s. Calculate the highest common factor of 21 and s.
21
Let m be 5 + (0 - 3 - -2). Suppose -c - m*c = -340. Calculate the greates